inder when (-4)/(4*1/(-38)) is divided by u(5).
12
Let w(v) = 7*v**2 - 2*v - 2*v**3 + 5*v**3 + 4*v - 4*v**3 - 2. Calculate the remainder when w(7) is divided by 7.
5
Suppose 0 = -0*r + r - 29. What is the remainder when r is divided by 248/24 + 1/(-3)?
9
Let o = -22 - -28. Calculate the remainder when o is divided by 5.
1
Suppose 2 = 2*o - 3*z, -o - 4 = -3*o + 2*z. What is the remainder when 9 + 2 + 1 + -2 is divided by o?
2
Let a = -26 + 30. Suppose -2*p + 2 = -f, p - 5 = 2*f - 4*p. Suppose -y + f = -6. What is the remainder when y is divided by a?
2
Suppose 2*w + 128 = 4*w. Let q = w - 30. What is the remainder when q is divided by 12?
10
Let v(a) = -2*a**2 - 23*a + 7. Calculate the remainder when v(-7) is divided by 24.
22
Let g = -31 + 56. Let b = -158 + 230. What is the remainder when b is divided by g?
22
Suppose -4*j = j - 3*d - 141, 0 = 5*j - 2*d - 139. What is the remainder when j is divided by (-3)/12 - (-41)/4?
7
Let g(s) = 2*s**2 - 6*s - 15. Let z(q) = 2*q + 1. What is the remainder when g(7) is divided by z(5)?
8
Let l = -24 + 41. What is the remainder when 169 is divided by l?
16
Let r(i) = -3*i**3 - 2*i**2 + 7*i**2 + 2*i**3 + 1 + 2*i**3 - 2*i. Let n = -4 + 11. What is the remainder when r(-4) is divided by n?
4
Suppose -v + 2*v + 4*m = -16, 5*m + 37 = 3*v. Suppose 2*f + 4*k = 26 - 6, -12 = v*k. What is the remainder when 45 is divided by f?
13
Let u(o) = -o**3 - 9*o**2 + 8*o + 5. Let h(b) = -6*b. Let m be h(-3). Let c = m + -5. What is the remainder when u(-10) is divided by c?
12
Suppose 3*a - 10 = 5. Suppose -19 = -a*h - 2*k, -h - 5*k = 4 + 6. Calculate the remainder when 8 is divided by h.
3
Suppose q = 5*q - 20. Let u be ((0 - -3) + 1)/2. Suppose -5*c = 2*h - 30 + u, -q = -c - h. What is the remainder when 10 is divided by c?
4
Suppose 4*p = -2*u + 84, 2*p - 14 = p + 3*u. Let m = p - 14. Let h = 11 - -10. What is the remainder when h is divided by m?
3
Let x = -5 + 15. What is the remainder when 37 is divided by x?
7
What is the remainder when 1 + 1 + 6 + 39 - -1 is divided by 7?
6
Suppose -3*w = -3*j - 0*w + 264, -4*w = 4*j - 336. Suppose s - 30 = 2*i, -3*i - 58 = -3*s - 5*i. Calculate the remainder when j is divided by s.
20
Let d(w) = -10*w - 2. Calculate the remainder when d(-5) is divided by 25.
23
Suppose -p = -11 - 2. What is the remainder when 51 is divided by p?
12
Suppose -p - j + 9 = 0, p + 2*p - 5*j - 43 = 0. Let q = -21 + p. Calculate the remainder when (2 - -13)*q/(-3) is divided by 17.
16
Suppose 0 = x + 4*n - 264, x = 2*x + 5*n - 262. What is the remainder when x is divided by 55?
52
Let u(g) = g**2 + 7*g - 13. Let j be u(-10). Let s = j - 6. Calculate the remainder when s is divided by 4*1 - (-4 + 4).
3
Suppose -4 = -3*g - 2*w, -3*w - w - 6 = -g. Suppose -q = g*q - 30. Suppose -4*x + 107 = 5*p, 5*p = -4 - 1. Calculate the remainder when x is divided by q.
8
Let c = 3 + 7. What is the remainder when 17 is divided by c?
7
Let d = 13 - 2. Suppose 25 = -t + 6*t. Suppose -3 = -t*s + 27. What is the remainder when d is divided by s?
5
Suppose 5*g + 5*w = 50, 2*g - 15 - 9 = -3*w. Calculate the remainder when 53 is divided by g.
5
What is the remainder when (-3222)/(-63) + (-1)/7 is divided by 13?
12
Suppose -31 - 35 = -6*w. Calculate the remainder when 20 is divided by w.
9
Suppose 3 - 11 = -4*q. What is the remainder when 1/q - (-4)/8 is divided by 1?
0
Suppose 5*m = -3*r + 20, 0*m = -r - 3*m. Calculate the remainder when r is divided by 8.
7
Let b(a) = a**3 - 15*a**2 + 17*a - 18. What is the remainder when 60 is divided by b(14)?
12
Suppose 8*w - 3*w - 80 = 0. What is the remainder when w is divided by 5?
1
Suppose 3*m - 13 = -b, -4*m - b + 0*b + 19 = 0. Let w be (1/2)/(m/36). Suppose 11 = -w*p + 35. What is the remainder when p is divided by 5?
3
Suppose 44 - 214 = -5*l. Suppose l + 32 = 3*p. Calculate the remainder when p is divided by (-2)/(-2)*4*3.
10
Suppose y - 2*y + 25 = 0. Let b(o) = -o**3 - 5*o**2 + 4*o - 3. Calculate the remainder when y is divided by b(-6).
7
Suppose -48 = -7*b + 120. What is the remainder when 42 is divided by b?
18
Let x = -12 - -32. Calculate the remainder when 37 is divided by x.
17
Calculate the remainder when 46 is divided by -3 + (12/(-4) - -22).
14
Suppose -2*v + 2 = -2*w, 5*v - 4*w = -6*w + 12. Suppose -2*g = 3*z - 34, -2*g - g + 46 = v*z. Calculate the remainder when 41 is divided by g.
13
Let n(g) = -3*g**3 + g**2 - 4*g - 5. What is the remainder when n(-2) is divided by 17?
14
Let s(n) = -n**3 - 6*n**2 - 7*n - 7. Let r be s(-5). Suppose -2*g - 10 = g - 2*k, 3*g + k = -4. What is the remainder when 6 is divided by g/r - (-14)/3?
2
Suppose -2*p = p - 39. Calculate the remainder when p is divided by 7.
6
Let l(k) = -3*k - 1. Let u = 5 + -6. Let t be l(u). Suppose t*s + 2*s + 4 = 0, -2*j + 28 = 2*s. What is the remainder when 29 is divided by j?
14
Suppose -27 = -4*m - 3*i, 12 = -m + 4*i - 5. Calculate the remainder when 9 is divided by m.
0
Calculate the remainder when 2 - 2/4*-2 is divided by (2/(-8))/(-4 + (-155)/(-40)).
1
Let l(v) = 4*v + 8. Suppose 2*g = g + 3*x + 2, -4*x - 6 = 2*g. Let o = 16 - g. What is the remainder when l(6) is divided by o?
15
Let y = -24 + 44. What is the remainder when y is divided by 4?
0
Let i(q) = -3*q + 1. Suppose -k - 2*k = -4*z - 2, -5*k = -2*z + 6. What is the remainder when 25 is divided by i(z)?
4
What is the remainder when (-4 - -3)*(-4 - -8 - 53) is divided by 18?
13
Let f = -34 - -60. What is the remainder when 127 is divided by f?
23
Let i = -23 - -33. Suppose -5*x + 37 + 53 = 0. What is the remainder when x is divided by i?
8
Suppose 2*w + 2 + 8 = 0. Let z = 14 - w. Calculate the remainder when 37 is divided by z.
18
Let o = 4 + -6. Let y = 13 + o. Calculate the remainder when y is divided by 3.
2
Let i be (1*6)/(10/105). Let a be (-6)/(6/i - 0). Let k = -29 - a. What is the remainder when k is divided by 12?
10
What is the remainder when 3 - (-2 + -3 + 136/(-4)) is divided by 9?
6
Let i = 20 - 7. Calculate the remainder when 23 is divided by i.
10
Let o = 3 + -1. Let s = o + 12. Suppose -5*j = v - 92, 5*v - s = -5*j + 86. Calculate the remainder when 52 is divided by j.
16
Suppose 20 = p + 3*p, 4*p = 4*v + 8. Let g = -10 - -17. Calculate the remainder when g is divided by v.
1
Let p(n) = -n**3 + n**2 + n - 1. Let b be p(0). Let z = 6 + b. Let m(a) = -2*a + 3. Calculate the remainder when m(-5) is divided by z.
3
Let m be (-6)/27 + (-6)/(-27). Suppose -3*s + 2*s = -3*j + 12, 5*j - s - 20 = m. Calculate the remainder when 15 is divided by j.
3
Let b = -5 + 19. What is the remainder when b is divided by 3?
2
Let h = -15 - -24. Suppose 2*i - 27 = -5*y, -y + 30 = 3*i + 3*y. Suppose -i*p = -3*p - h. What is the remainder when 5 is divided by p?
2
Suppose f + 170 = 5*r, -4*r + r + 100 = -f. What is the remainder when r is divided by (-8 - -9) + 11/1?
11
Let z = -12 - -44. Suppose -z = -x - x. Calculate the remainder when x is divided by 9.
7
Let g(k) = -k**3 - 5*k**2 + 2*k - 4. Calculate the remainder when (-2)/(-6) + 176/3 is divided by g(-6).
19
Let u(g) = -3*g + 7. Calculate the remainder when 7 is divided by u(0).
0
Let p(q) = -q**3 - q**2 - 2*q + 2. Calculate the remainder when 26 is divided by p(-2).
6
Suppose -4*i = -4*v - 16, -i - 4*v + v + 8 = 0. Calculate the remainder when 26 is divided by 2/1 - (-2 - i).
8
Let x be (2 + (-64)/(-12))*6. Suppose 0 = -d - 4 + x. What is the remainder when d is divided by 14?
12
Suppose -5*w + 50 + 8 = 3*x, 0 = -3*w + 6. Calculate the remainder when 125 is divided by x.
13
Suppose 0 = 3*o - 4*c - 59 - 43, c - 147 = -5*o. What is the remainder when 88 is divided by o?
28
Suppose -1 = -5*r + 4. Let l(s) = 31*s**2. Calculate the remainder when l(r) is divided by (-12)/(-5 + 102/24).
15
Suppose 3*f - 30 = -r - 2*r, -f - 2*r + 14 = 0. Suppose -2*y + 14 + 66 = 0. Let d = y - 24. Calculate the remainder when d is divided by f.
4
What is the remainder when (-7325)/(-125) - 2/(-5) is divided by 15?
14
Let h = -16 - -25. Suppose 2*o - 3*r + 2*r - 49 = 0, 2*o - 3*r = 51. Calculate the remainder when o is divided by h.
6
Let z(a) = -36*a**3 - a**2. Suppose -26 = s - 5*l, -4*s + 20 = 5*l - 1. What is the remainder when z(s) is divided by 9?
8
Let t(o) = -o**3 - 20*o**2 - 16*o + 59. What is the remainder whe